e prime factors of 141833311?
5417, 26183
List the prime factors of 1029581.
7, 147083
What are the prime factors of 65406131?
7, 1334819
What are the prime factors of 8319091911?
3, 13, 7213, 29573
What are the prime factors of 1608052104?
2, 3, 149, 149893
What are the prime factors of 18870889?
661, 28549
What are the prime factors of 26084021?
29, 271, 3319
What are the prime factors of 64712517?
3, 21570839
What are the prime factors of 17343730?
2, 5, 1734373
What are the prime factors of 527447292?
2, 3, 79, 311, 1789
List the prime factors of 47159064.
2, 3, 19, 11491
List the prime factors of 172328184.
2, 3, 7, 17, 20113
What are the prime factors of 77021862?
2, 3, 41, 73, 4289
What are the prime factors of 2294259872?
2, 71695621
List the prime factors of 136926773.
257, 532789
List the prime factors of 763356644.
2, 17, 83, 211, 641
What are the prime factors of 28611836?
2, 11, 650269
List the prime factors of 61225937.
43, 33113
List the prime factors of 933897839.
7, 17, 7847881
What are the prime factors of 786261029?
31, 71, 357229
What are the prime factors of 52260558?
2, 3, 7, 149, 1193
What are the prime factors of 143003658?
2, 3, 7, 486407
List the prime factors of 782853357.
3, 11, 13, 1277, 1429
List the prime factors of 13312379.
13312379
List the prime factors of 558921847.
11, 31, 1639067
What are the prime factors of 57370341?
3, 7, 2731921
What are the prime factors of 68535829?
887, 77267
List the prime factors of 43205671.
43205671
What are the prime factors of 277310057?
23, 137, 88007
What are the prime factors of 3080769?
3, 179, 5737
List the prime factors of 3589265590.
2, 5, 17, 59, 449, 797
List the prime factors of 64227012.
2, 3, 389, 13759
What are the prime factors of 118264936?
2, 3671, 4027
List the prime factors of 23489856.
2, 3, 13, 3137
List the prime factors of 376078981.
17, 971, 22783
List the prime factors of 29784082.
2, 14892041
List the prime factors of 17870580.
2, 3, 5, 7, 13, 1091
What are the prime factors of 378980745?
3, 5, 11, 13, 17, 19, 547
What are the prime factors of 139584596?
2, 34896149
What are the prime factors of 1023439915?
5, 204687983
What are the prime factors of 189307745?
5, 11, 3441959
What are the prime factors of 678253734?
2, 3, 37, 41, 59, 421
What are the prime factors of 1657832?
2, 11, 18839
List the prime factors of 223965639.
3, 24885071
List the prime factors of 17196928.
2, 7, 17, 1129
List the prime factors of 599186331.
3, 66576259
What are the prime factors of 3597368609?
4259, 844651
What are the prime factors of 47077788?
2, 3, 29, 135281
What are the prime factors of 222221897?
109, 271, 7523
List the prime factors of 450317422.
2, 13099, 17189
What are the prime factors of 1960319536?
2, 7, 17502853
List the prime factors of 928599183.
3, 103177687
List the prime factors of 12387283.
107, 115769
List the prime factors of 485504380.
2, 5, 37, 53, 12379
List the prime factors of 157514927.
157514927
List the prime factors of 38168558.
2, 883, 21613
What are the prime factors of 3130395598?
2, 11, 12935519
List the prime factors of 3921504015.
3, 5, 11, 13, 37, 49411
What are the prime factors of 2208387158?
2, 2749, 401671
What are the prime factors of 4432293?
3, 139, 1181
What are the prime factors of 59770452?
2, 3, 7, 79, 9007
List the prime factors of 16771982.
2, 8385991
What are the prime factors of 29432276?
2, 107, 68767
List the prime factors of 1091647705.
5, 107, 151, 13513
What are the prime factors of 47168638?
2, 11, 2144029
What are the prime factors of 1180844990?
2, 5, 13, 17, 349, 1531
What are the prime factors of 165235689?
3, 79, 307, 757
What are the prime factors of 337042867?
7, 17, 1669, 1697
What are the prime factors of 5244622448?
2, 13, 25214531
What are the prime factors of 489558271?
489558271
What are the prime factors of 2406540837?
3, 101, 7942379
What are the prime factors of 103806735?
3, 5, 6920449
List the prime factors of 618636377.
618636377
What are the prime factors of 688785599?
37, 2011, 9257
What are the prime factors of 63750027?
3, 11, 1931819
What are the prime factors of 951456104?
2, 118932013
List the prime factors of 4529074873.
17, 37, 251, 28687
What are the prime factors of 65899572?
2, 3, 5491631
List the prime factors of 3969218705.
5, 163, 4870207
List the prime factors of 378194969.
73, 769, 6737
What are the prime factors of 441698747?
7, 1259, 50119
What are the prime factors of 593484007?
691, 858877
What are the prime factors of 1715464234?
2, 11, 4271, 18257
List the prime factors of 93857021.
29, 3236449
List the prime factors of 83129009.
19, 1861, 2351
What are the prime factors of 88284345?
3, 5, 5885623
What are the prime factors of 102017736?
2, 3, 1416913
List the prime factors of 176236051.
23, 857, 8941
List the prime factors of 50241498.
2, 3, 8373583
What are the prime factors of 6861494140?
2, 5, 431, 795997
What are the prime factors of 99892948?
2, 24973237
List the prime factors of 4506257928.
2, 3, 43, 701, 6229
List the prime factors of 46075969.
19, 23, 105437
List the prime factors of 122011815.
3, 5, 31, 262391
What are the prime factors of 461026319?
13, 89, 398467
What are the prime factors of 3141235993?
7, 587, 109211
What are the prime factors of 2471582452?
2, 59, 347, 30181
What are the prime factors of 1233192749?
1233192749
List the prime factors of 8401477565.
5, 13, 9942577
List the prime factors of 276587865.
3, 5, 682933
What are the prime factors of 561005896?
2, 11, 6375067
List the prime factors of 815310083.
7, 19, 6130151
List the prime factors of 43067227.
7, 59, 14897
What are the prime factors of 98967229?
23, 211, 20393
What are the prime factors of 59279096?
2, 23, 322169
List the prime factors of 70887272.
2, 8860909
What are the prime factors of 3661398092?
2, 11, 83213593
What are the prime factors of 13092893?
11, 1190263
What are the prime factors of 19242570?
2, 3, 5, 641419
What are the prime factors of 5533550144?
2, 86461721
What are the prime factors of 101299831?
101299831
What are the prime factors of 3538237867?
23, 3109, 49481
List the prime factors of 2559273473.
2559273473
List the prime factors of 384105886.
2, 131, 1466053
List the prime factors of 1686754762.
2, 7, 11, 911, 1093
What are the prime factors of 705553007?
16369, 43103
What are the prime factors of 1085459577?
3, 361819859
List the prime factors of 66045102.
2, 3, 17, 19, 53, 643
What are the prime factors of 266897125?
5, 11, 73, 2659
List the prime factors of 3353653150.
2, 5, 67073063
List the prime factors of 3480556995.
3, 5, 23, 3362857
List the prime factors of 1608483822.
2, 3, 11, 4519, 5393
List the prime factors of 112501191.
3, 11, 107, 151, 211
What are the prime factors of 26554994?
2, 43, 71, 4349
What are the prime factors of 34335593?
37, 127, 7307
What are the prime factors of 54052040?
2, 5, 7, 193043
What are the prime factors of 375159449?
7, 53594207
What are the prime factors of 1177740885?
3, 5, 2729, 28771
List the prime factors of 129895339.
7, 41, 452597
List the prime factors of 402416958.
2, 3, 37, 1812689
List the prime factors of 50929810.
2, 5, 5092981
List the prime factors of 1723787299.
13, 132599023
What are the prime factors of 2867689614?
2, 3, 3833, 124693
What are the prime factors of 19948646?
2, 43, 231961
What are the prime factors of 369664653?
3, 29, 83, 51193
List the prime factors of 795914730.
2, 3, 5, 13, 79, 109
What are the prime factors of 218650423?
19, 1723, 6679
What are the prime factors of 7722646?
2, 113, 34171
List the prime factors of 41700408.
2, 3, 1737517
What are the prime factors of 3444458712?
2, 3, 143519113
What are the prime factors of 4730181984?
2, 3, 11, 59, 25307
What are the prime factors of 298428704?
2, 7, 293, 4547
What are the prime factors of 243760200?
2, 3, 5, 406267
List the prime factors of 814731987.
3, 17, 31, 311, 1657
List the prime factors of 32301245.
5, 6460249
List the prime factors of 45235137.
3, 15078379
List the prime factors of 145131760.
2, 5, 37, 49031
What are the prime factors of 57840269?
57840269
What are the prime factors of 1074952?
2, 134369
What are the prime factors of 215118747?
3, 23, 115469
List the prime factors of 9082220.
2, 5, 7, 29, 2237
What